2138 is divided by 1162135.
3
Calculate the remainder when 68174566 is divided by 71.
11
Calculate the remainder when 41141805 is divided by 12.
9
What is the remainder when 174120498 is divided by 250?
248
What is the remainder when 960931 is divided by 61?
59
What is the remainder when 76615 is divided by 10914?
217
What is the remainder when 1347417931 is divided by 164?
163
What is the remainder when 39321710 is divided by 16?
14
What is the remainder when 16550930 is divided by 34?
2
What is the remainder when 110494 is divided by 130?
124
Calculate the remainder when 967550 is divided by 180.
50
Calculate the remainder when 25857650 is divided by 2274.
2270
What is the remainder when 361809 is divided by 1171?
1141
What is the remainder when 112243 is divided by 5312?
691
Calculate the remainder when 3977337 is divided by 1472.
1465
What is the remainder when 56084764 is divided by 153237?
22
Calculate the remainder when 10140219 is divided by 1930.
1929
What is the remainder when 13877288 is divided by 12?
8
What is the remainder when 368810 is divided by 8007?
488
Calculate the remainder when 435620 is divided by 1541.
1058
What is the remainder when 2669172 is divided by 563?
552
Calculate the remainder when 324333138 is divided by 169.
168
What is the remainder when 17781 is divided by 813?
708
What is the remainder when 83172877 is divided by 1917?
1915
What is the remainder when 342577 is divided by 114149?
130
What is the remainder when 86644629 is divided by 1171?
1168
Calculate the remainder when 581235 is divided by 4.
3
What is the remainder when 19968 is divided by 3497?
2483
What is the remainder when 69339 is divided by 275?
39
What is the remainder when 5344169 is divided by 235?
34
What is the remainder when 53544903 is divided by 19?
15
Calculate the remainder when 1013598 is divided by 391.
126
Calculate the remainder when 3983514 is divided by 30.
24
What is the remainder when 79817 is divided by 2495?
2472
Calculate the remainder when 5129000 is divided by 17.
15
Calculate the remainder when 64994 is divided by 471.
467
What is the remainder when 3448 is divided by 816?
184
Calculate the remainder when 24789 is divided by 12199.
391
Calculate the remainder when 5631773 is divided by 225.
23
What is the remainder when 28744028 is divided by 1249740?
8
Calculate the remainder when 208382 is divided by 69440.
62
What is the remainder when 3272339 is divided by 129?
125
Calculate the remainder when 1217167418 is divided by 6717.
6716
What is the remainder when 37955 is divided by 974?
943
Calculate the remainder when 557763 is divided by 4162.
55
What is the remainder when 2698498 is divided by 149911?
100
Calculate the remainder when 7078137 is divided by 1011147.
108
What is the remainder when 779594 is divided by 4?
2
Calculate the remainder when 97098 is divided by 19136.
1418
Calculate the remainder when 175800 is divided by 23.
11
What is the remainder when 2406382 is divided by 306?
304
What is the remainder when 640120 is divided by 96?
88
What is the remainder when 2086046 is divided by 2105?
2096
Calculate the remainder when 55706 is divided by 13738.
754
Calculate the remainder when 17126094 is divided by 137.
135
What is the remainder when 4895375 is divided by 141?
137
What is the remainder when 165310 is divided by 20582?
654
What is the remainder when 98931959 is divided by 1978639?
9
What is the remainder when 198466316 is divided by 39693253?
51
What is the remainder when 246442 is divided by 236?
58
Calculate the remainder when 24114037 is divided by 6439.
6421
Calculate the remainder when 646939 is divided by 215506.
421
Calculate the remainder when 11751587 is divided by 68.
31
Calculate the remainder when 88247668 is divided by 44123829.
10
Calculate the remainder when 391468 is divided by 3107.
3093
What is the remainder when 1926063 is divided by 641730?
873
Calculate the remainder when 186991 is divided by 62189.
424
Calculate the remainder when 849221823 is divided by 46.
45
Calculate the remainder when 86435801 is divided by 111100.
1
What is the remainder when 470149 is divided by 1059?
1012
Calculate the remainder when 9725 is divided by 317.
215
Calculate the remainder when 3808080 is divided by 1443.
3
Calculate the remainder when 1514486 is divided by 18024.
470
Calculate the remainder when 894284 is divided by 315.
314
What is the remainder when 995529 is divided by 11?
7
What is the remainder when 49479239 is divided by 10?
9
Calculate the remainder when 10409 is divided by 1491.
1463
What is the remainder when 41834 is divided by 4726?
4026
Calculate the remainder when 52320 is divided by 5036.
1960
What is the remainder when 351495 is divided by 43930?
55
Calculate the remainder when 34269856 is divided by 27.
25
What is the remainder when 1975520 is divided by 4276?
8
What is the remainder when 95694 is divided by 683?
74
What is the remainder when 27747 is divided by 2057?
1006
Calculate the remainder when 61823090 is divided by 2472923.
15
Calculate the remainder when 7496 is divided by 2613.
2270
Calculate the remainder when 185271 is divided by 183841.
1430
What is the remainder when 608084 is divided by 15591?
35
Calculate the remainder when 109632 is divided by 3913.
68
What is the remainder when 3286676 is divided by 1095371?
563
Calculate the remainder when 515574 is divided by 76.
66
Calculate the remainder when 153659 is divided by 51173.
140
Calculate the remainder when 160464 is divided by 32.
16
What is the remainder when 301720964 is divided by 15?
14
What is the remainder when 378338485 is divided by 10809671?
0
What is the remainder when 8758861 is divided by 68?
53
What is the remainder when 809548 is divided by 43?
30
What is the remainder when 274274 is divided by 33?
11
What is the remainder when 5337867 is divided by 833?
3
Calculate the remainder when 102830 is divided by 281.
265
What is the remainder when 801975 is divided by 990?
75
Calculate the remainder when 3291523 is divided by 1097145.
88
Calculate the remainder when 8843212 is divided by 2210791.
48
Calculate the remainder when 741389 is divided by 4814.
33
What is the remainder when 4830193 is divided by 50?
43
Calculate the remainder when 33252 is divided by 32952.
300
What is the remainder when 50869 is divided by 10164?
49
Calculate the remainder when 718278 is divided by 7881.
1107
Calculate the remainder when 13703 is divided by 6295.
1113
Calculate the remainder when 15192027 is divided by 34449.
18
Calculate the remainder when 253665 is divided by 23.
21
Calculate the remainder when 9536969 is divided by 80.
9
Calculate the remainder when 1845525 is divided by 615126.
147
Calculate the remainder when 142225 is divided by 6183.
16
Calculate the remainder when 472527 is divided by 5904.
207
What is the remainder when 294561 is divided by 42080?
1
What is the remainder when 5422844 is divided by 245?
14
Calculate the remainder when 1017783 is divided by 1017228.
555
What is the remainder when 3104 is divided by 769?
28
Calculate the remainder when 26911765 is divided by 118.
95
What is the remainder when 82894 is divided by 579?
97
What is the remainder when 20626654 is divided by 954?
220
Calculate the remainder when 142108 is divided by 379.
362
What is the remainder when 6249172 is divided by 52075?
172
Calculate the remainder when 2767535 is divided by 619.
605
What is the remainder when 2053014 is divided by 525?
264
What is the remainder when 1100567 is divided by 39298?
223
What is the remainder when 8643573 is divided by 27011?
53
Calculate the remainder when 226324 is divided by 7298.
86
Calculate the remainder when 4431535 is divided by 1477178.
1
What is the remainder when 58667 is divided by 4646?
2915
What is the remainder when 6386855 is divided by 1064472?
23
What is the remainder when 4655677 is divided by 314?
313
Calculate the remainder when 14893 is divided by 1914.
1495
What is the remainder when 390349 is divided by 7653?
46
Calculate the remainder when 71403 is divided by 11886.
87
Calculate the remainder when 26153 is divided by 6218.
1281
What is the remainder when 1436702 is divided by 54?
32
Calculate the remainder when 34405 is divided by 6745.
680
What is the remainde